 3 a factor of 123?
True
Is 17955 a multiple of 133?
True
Is 65598 a multiple of 45?
False
Is 485 a multiple of 4?
False
Is 954 a multiple of 26?
False
Does 14 divide 1459?
False
Does 5 divide 166?
False
Is 69 a factor of 7393?
False
Is 73 a factor of 425?
False
Does 21 divide 17115?
True
Is 39464 a multiple of 77?
False
Is 27 a factor of 18846?
True
Is 290 a multiple of 89?
False
Is 5093 a multiple of 3?
False
Does 23 divide 713?
True
Does 8 divide 36184?
True
Does 151 divide 17626?
False
Is 23 a factor of 19826?
True
Does 30 divide 91620?
True
Does 14 divide 168?
True
Does 12 divide 5557?
False
Is 8 a factor of 856?
True
Does 103 divide 1524?
False
Does 26 divide 3900?
True
Is 13 a factor of 3050?
False
Is 31 a factor of 171?
False
Does 38 divide 5236?
False
Is 104937 a multiple of 10?
False
Is 44498 a multiple of 100?
False
Is 3 a factor of 219?
True
Is 29289 a multiple of 39?
True
Is 4990 a multiple of 10?
True
Is 116 a factor of 336?
False
Is 6 a factor of 612?
True
Is 13 a factor of 4888?
True
Does 23 divide 22298?
False
Is 18423 a multiple of 137?
False
Is 57 a factor of 691?
False
Is 41352 a multiple of 24?
True
Is 2470 a multiple of 13?
True
Does 120 divide 240?
True
Does 14 divide 2649?
False
Is 9 a factor of 3699?
True
Is 30 a factor of 733?
False
Does 16 divide 37?
False
Does 134 divide 16482?
True
Is 2128 a multiple of 4?
True
Is 9 a factor of 3187?
False
Is 3214 a multiple of 8?
False
Does 101 divide 21715?
True
Does 5 divide 2430?
True
Is 4680 a multiple of 10?
True
Does 63 divide 7449?
False
Does 92 divide 9233?
False
Does 49 divide 8624?
True
Does 13 divide 308?
False
Is 11610 a multiple of 58?
False
Is 1924 a multiple of 16?
False
Is 11 a factor of 77?
True
Is 16 a factor of 1817?
False
Is 5135 a multiple of 45?
False
Is 797 a multiple of 83?
False
Is 18 a factor of 3942?
True
Is 193 a factor of 10808?
True
Is 57 a factor of 3648?
True
Is 209 a multiple of 5?
False
Is 8 a factor of 10?
False
Is 107 a factor of 48861?
False
Does 61 divide 16046?
False
Is 32 a factor of 28768?
True
Is 1540 a multiple of 42?
False
Is 3354 a multiple of 13?
True
Is 980 a multiple of 49?
True
Does 100 divide 2844?
False
Is 43 a factor of 68069?
True
Is 7955 a multiple of 185?
True
Is 15 a factor of 1770?
True
Is 26 a factor of 2367?
False
Does 13 divide 168?
False
Does 6 divide 171?
False
Is 3736 a multiple of 36?
False
Does 138 divide 1346?
False
Does 17 divide 442?
True
Is 1799 a multiple of 14?
False
Is 67 a factor of 3149?
True
Is 2730 a multiple of 30?
True
Is 149 a factor of 7897?
True
Does 9 divide 170?
False
Is 602 a multiple of 3?
False
Is 34 a factor of 10642?
True
Is 12650 a multiple of 55?
True
Is 58520 a multiple of 140?
True
Does 50 divide 106138?
False
Is 6878 a multiple of 19?
True
Is 5548 a multiple of 103?
False
Does 11 divide 75?
False
Is 2520 a multiple of 105?
True
Is 33 a factor of 594?
True
Is 2434 a multiple of 15?
False
Is 1020 a multiple of 34?
True
Is 943 a multiple of 70?
False
Is 48 a factor of 1248?
True
Does 11 divide 2245?
False
Is 2315 a multiple of 12?
False
Is 21 a factor of 31395?
True
Does 75 divide 8700?
True
Does 57 divide 14649?
True
Does 30 divide 8220?
True
Does 44 divide 36606?
False
Is 13 a factor of 24964?
False
Is 96 a factor of 30336?
True
Is 101 a factor of 58277?
True
Is 5 a factor of 607?
False
Is 7336 a multiple of 28?
True
Is 146 a factor of 70956?
True
Is 17 a factor of 17238?
True
Is 470 a multiple of 94?
True
Is 1430 a multiple of 13?
True
Does 26 divide 4529?
False
Is 139 a factor of 76874?
False
Is 12 a factor of 38232?
True
Does 12 divide 85430?
False
Does 11 divide 369?
False
Is 21 a factor of 126?
True
Does 10 divide 3309?
False
Is 4410 a multiple of 6?
True
Is 11024 a multiple of 208?
True
Is 5856 a multiple of 32?
True
Is 1547 a multiple of 22?
False
Is 20 a factor of 1580?
True
Is 12 a factor of 936?
True
Is 24080 a multiple of 80?
True
Does 11 divide 3869?
False
Does 36 divide 1475?
False
Is 7 a factor of 1622?
False
Is 18947 a multiple of 25?
False
Does 111 divide 56166?
True
Does 5 divide 3703?
False
Is 18 a factor of 151169?
False
Is 6473 a multiple of 67?
False
Does 104 divide 9256?
True
Is 2968 a multiple of 15?
False
Is 25 a factor of 3330?
False
Does 94 divide 752?
True
Does 5 divide 380?
True
Is 31 a factor of 2589?
False
Is 18929 a multiple of 36?
False
Does 5 divide 385?
True
Is 300 a multiple of 20?
True
Is 17 a factor of 527?
True
Does 71 divide 4686?
True
Does 9 divide 1035?
True
Is 24 a factor of 77760?
True
Is 9729 a multiple of 47?
True
Does 5 divide 347?
False
Does 19 divide 10138?
False
Is 104 a factor of 5616?
True
Is 4 a factor of 22?
False
Does 41 divide 2128?
False
Is 13268 a multiple of 80?
False
Does 52 divide 6448?
True
Does 70 divide 2391?
False
Is 6 a factor of 486?
True
Is 24 a factor of 528?
True
Is 26 a factor of 3250?
True
Is 18 a factor of 719?
False
Is 171 a factor of 7011?
True
Does 59 divide 2478?
True
Does 53 divide 44043?
True
Is 17 a factor of 5904?
False
Does 101 divide 47672?
True
Is 49 a factor of 1568?
True
Is 5427 a multiple of 81?
True
Is 3 a factor of 45?
True
Is 140021 a multiple of 23?
False
Is 1416 a multiple of 49?
False
Does 15 divide 2739?
False
Does 8 divide 12272?
True
Is 306 a factor of 71910?
True
Is 53 a factor of 28722?
False
Does 43 divide 14774?
False
Is 101 a factor of 840?
False
Is 51723 a multiple of 21?
True
Does 51 divide 944?
False
Does 66 divide 23769?
False
Does 17 divide 85?
True
Is 217 a factor of 57505?
True
Is 44 a factor of 141745?
False
Does 23 divide 3795?
True
Does 5 divide 3875?
True
Does 15 divide 190?
False
Is 14 a factor of 364?
True
Is 3770 a multiple of 29?
True
Is 2 a factor of 64?
True
Does 42 divide 26964?
True
Is 1326 a multiple of 34?
True
Is 20357 a multiple of 33?
False
Is 2388 a multiple of 199?
True
Is 68 a factor of 13942?
False
Is 19 a factor of 4484?
True
Is 525 a factor of 124782?
False
Does 34 divide 8466?
True
Is 1126 a multiple of 18?
False
Does 24 divide 22176?
True
Does 6 divide 25608?
True
Is 3 a factor of 5970?
True
Is 372 a multiple of 4?
True
Is 6039 a multiple of 89?
False
Is 9 a factor of 2466?
True
Is 332 a multiple of 12?
False
Is 58184 a multiple of 28?
True
Is 7 a factor of 266?
True
Does 17 divide 16541?
True
Is 912 a multiple of 6?
True
Is 22 a factor of 20075?
False
Is 7 a factor of 26187?
True
Is 191 a factor of 27695?
True
Is 10 a factor of 61271?
False
Does 14 divide 13622?
True
Is 255 a multiple of 85?
True
Does 116 divide 2732?
False
Is 1240 a multiple of 40?
True
Is 28 a factor of 93212?
True
Does 16 divide 304?
True
Is 1640 a multiple of 8?
True
Is 66 a factor of 26796?
True
Does 80 divide 7617?
False
Does 97 divide 3007?
True
Does 26 divide 83902?
True
Is 809 a multiple of 9?
False
Does 40 divide 2520?
True
Is 1624 a multiple of 56?
True
Is 10 a factor of 814?
False
Is 100 a factor of 4100?
True
Is 3411 a multiple of 112?
False
Is 100 a multiple of 25?
True
Is 41917 a multiple of 6?
False
Does 20 divide 14752?
False
Does 114 divide 12084?
True
Is 3 a factor of 730?
False
Is 17 a factor of 1508?
False
Does 57 divide 3958?
False
Is 1174 a multiple of 57?
False
Is 27 a factor of 3456?
True
Is 221 a factor of 22762?
False
Is 13 a factor of 234?
True
Does 32 divide 2880?
True
Is 9738 a multiple of 7?
False
Is 3443 a multiple of 13?
False
Does 16 divide 22144?
True
Is 5040 a multiple of 16?
True
Does 31 divide 856?
False
Is 25273 a multiple of 31?
False
Is 7168 a multiple of 28?
True
Does 20 divide 5101?
False
Is 20592 a multiple of 39?
True
Is 24 a factor of 8088?
True
Is 15 a factor of 28320?
True
Is 74 a factor of 3256?
True
Is 388 a multiple of 2?
True
Is 136 a factor of 8788?
False
Is 24 a factor of 4651?
False
Is 13 a factor of 585?
True
Is 86 a factor of 13330?
True
Is 62 a factor of 4600?
False
Does 7 divide 252?
True
Does 3 divide 2298?
True
Is 12357 a multiple of 42?
False
Is 86 a factor of 90966?
False
Is 901 a multiple of 17?
True
Is 6866 a multiple of 142?
False
Does 5 divide 2690?
True
Does 13 divide 1365?
True
Is 13580 a multiple of 97?
True
Is 883 a multiple of 32?
False
Does 32 divide 9643?
False
Is 38911 a multiple of 167?
True
Does 3 divide 668?
False
Does 39 divide 468?
True
Is 5904 a multiple of 82?
True
Is 125664 a multiple of 32?
True
Does 13 di